{"id":4264,"date":"2020-04-15T22:42:02","date_gmt":"2020-04-15T20:42:02","guid":{"rendered":"http:\/\/alucenter.lu\/?page_id=4264"},"modified":"2021-04-27T15:23:29","modified_gmt":"2021-04-27T13:23:29","slug":"nos-produits-en-aluminium","status":"publish","type":"page","link":"https:\/\/alucenter.lu\/index.php\/nos-produits-en-aluminium\/","title":{"rendered":"Nos produits en aluminium"},"content":{"rendered":"\t\t<div data-elementor-type=\"wp-post\" data-elementor-id=\"4264\" class=\"elementor elementor-4264\">\n\t\t\t\t\t\t\t\t\t<section class=\"elementor-section elementor-top-section elementor-element elementor-element-e6811c5 elementor-section-boxed elementor-section-height-default elementor-section-height-default\" data-id=\"e6811c5\" data-element_type=\"section\">\n\t\t\t\t\t\t<div class=\"elementor-container elementor-column-gap-default\">\n\t\t\t\t\t<div class=\"elementor-column elementor-col-100 elementor-top-column elementor-element elementor-element-977aedd\" data-id=\"977aedd\" data-element_type=\"column\">\n\t\t\t<div class=\"elementor-widget-wrap elementor-element-populated\">\n\t\t\t\t\t\t\t\t<div class=\"elementor-element elementor-element-b63de5d elementor-tablet-align-center animated-fast elementor-invisible elementor-widget elementor-widget-heading\" data-id=\"b63de5d\" data-element_type=\"widget\" data-settings=\"{&quot;_animation&quot;:&quot;opal-move-up&quot;}\" data-widget_type=\"heading.default\">\n\t\t\t\t<div class=\"elementor-widget-container\">\n\t\t\t<span class=\"sub-title\">L\u2019aluminium au service de vos chantiers<\/span><h2 class=\"elementor-heading-title elementor-size-default\">Des \u00e9l\u00e9ments en aluminium de qualit\u00e9<\/h2>\t\t<\/div>\n\t\t\t\t<\/div>\n\t\t\t\t<section class=\"elementor-section elementor-inner-section elementor-element elementor-element-213d0d0 elementor-section-boxed elementor-section-height-default elementor-section-height-default\" data-id=\"213d0d0\" data-element_type=\"section\">\n\t\t\t\t\t\t<div class=\"elementor-container elementor-column-gap-default\">\n\t\t\t\t\t<div class=\"elementor-column elementor-col-50 elementor-inner-column elementor-element elementor-element-8fe01b4\" data-id=\"8fe01b4\" data-element_type=\"column\">\n\t\t\t<div class=\"elementor-widget-wrap elementor-element-populated\">\n\t\t\t\t\t\t\t\t<div class=\"elementor-element elementor-element-eec65ad animated-fast elementor-invisible elementor-widget elementor-widget-text-editor\" data-id=\"eec65ad\" data-element_type=\"widget\" data-settings=\"{&quot;_animation&quot;:&quot;opal-move-up&quot;}\" data-widget_type=\"text-editor.default\">\n\t\t\t\t<div class=\"elementor-widget-container\">\n\t\t\t        <div class=\"elementor-text-editor elementor-clearfix\"><p>Que vous soyez un professionnel du b\u00e2timent ou de la r\u00e9novation ou que vous ayez simplement un projet n\u00e9cessitant des \u00e9l\u00e9ments en aluminium,\u00a0Alu Center Luxembourg est le sp\u00e9cialiste de ce mat\u00e9riau au Luxembourg et saura vous procurer toutes les pi\u00e8ces dont vous avez besoin.<\/p><p>Nous fournissons en effet une large gamme de\u00a0produits en aluminium\u00a0dont la majorit\u00e9 des \u00e9l\u00e9ments de menuiserie en aluminium dont vous aurez besoin pour vos chantiers. Ainsi et quels que soient les \u00e9l\u00e9ments que vous recherchez, nous sommes en mesure de vous les fournir avec le meilleur rapport qualit\u00e9-prix.<\/p><\/div>\n        \t\t<\/div>\n\t\t\t\t<\/div>\n\t\t\t\t\t<\/div>\n\t\t<\/div>\n\t\t\t\t<div class=\"elementor-column elementor-col-50 elementor-inner-column elementor-element elementor-element-51adfdf\" data-id=\"51adfdf\" data-element_type=\"column\">\n\t\t\t<div class=\"elementor-widget-wrap elementor-element-populated\">\n\t\t\t\t\t\t\t\t<div class=\"elementor-element elementor-element-34238ff gallery-spacing-custom elementor-widget elementor-widget-image-gallery\" data-id=\"34238ff\" data-element_type=\"widget\" data-widget_type=\"image-gallery.default\">\n\t\t\t\t<div class=\"elementor-widget-container\">\n\t\t\t\t\t<div class=\"elementor-image-gallery\">\n\t\t\t<div id='gallery-1' class='gallery galleryid-4264 gallery-columns-2 gallery-size-large'><figure class='gallery-item'>\n\t\t\t<div class='gallery-icon landscape'>\n\t\t\t\t<img width=\"497\" height=\"497\" src=\"https:\/\/alucenter.lu\/wp-content\/uploads\/2020\/04\/profile-d-aluminium.jpg\" class=\"attachment-large size-large\" alt=\"\" decoding=\"async\" loading=\"lazy\" srcset=\"https:\/\/alucenter.lu\/wp-content\/uploads\/2020\/04\/profile-d-aluminium.jpg 497w, https:\/\/alucenter.lu\/wp-content\/uploads\/2020\/04\/profile-d-aluminium-150x150.jpg 150w, https:\/\/alucenter.lu\/wp-content\/uploads\/2020\/04\/profile-d-aluminium-300x300.jpg 300w, https:\/\/alucenter.lu\/wp-content\/uploads\/2020\/04\/profile-d-aluminium-100x100.jpg 100w\" sizes=\"(max-width: 497px) 100vw, 497px\" \/>\n\t\t\t<\/div><\/figure><figure class='gallery-item'>\n\t\t\t<div class='gallery-icon landscape'>\n\t\t\t\t<img width=\"497\" height=\"497\" src=\"https:\/\/alucenter.lu\/wp-content\/uploads\/2020\/04\/panneau-aluminium.jpg\" class=\"attachment-large size-large\" alt=\"\" decoding=\"async\" loading=\"lazy\" srcset=\"https:\/\/alucenter.lu\/wp-content\/uploads\/2020\/04\/panneau-aluminium.jpg 497w, https:\/\/alucenter.lu\/wp-content\/uploads\/2020\/04\/panneau-aluminium-150x150.jpg 150w, https:\/\/alucenter.lu\/wp-content\/uploads\/2020\/04\/panneau-aluminium-300x300.jpg 300w, https:\/\/alucenter.lu\/wp-content\/uploads\/2020\/04\/panneau-aluminium-100x100.jpg 100w\" sizes=\"(max-width: 497px) 100vw, 497px\" \/>\n\t\t\t<\/div><\/figure>\n\t\t<\/div>\n\t\t<\/div>\n\t\t\t\t<\/div>\n\t\t\t\t<\/div>\n\t\t\t\t\t<\/div>\n\t\t<\/div>\n\t\t\t\t\t\t\t<\/div>\n\t\t<\/section>\n\t\t\t\t<div class=\"elementor-element elementor-element-741356f elementor-tablet-align-center animated-fast elementor-invisible elementor-widget elementor-widget-heading\" data-id=\"741356f\" data-element_type=\"widget\" data-settings=\"{&quot;_animation&quot;:&quot;opal-move-up&quot;}\" data-widget_type=\"heading.default\">\n\t\t\t\t<div class=\"elementor-widget-container\">\n\t\t\t<h2 class=\"elementor-heading-title elementor-size-default\">Des conseils de professionnels de l\u2019aluminium pour vous accompagner<\/h2>\t\t<\/div>\n\t\t\t\t<\/div>\n\t\t\t\t<div class=\"elementor-element elementor-element-1f74e71 animated-fast elementor-invisible elementor-widget elementor-widget-text-editor\" data-id=\"1f74e71\" data-element_type=\"widget\" data-settings=\"{&quot;_animation&quot;:&quot;opal-move-up&quot;}\" data-widget_type=\"text-editor.default\">\n\t\t\t\t<div class=\"elementor-widget-container\">\n\t\t\t        <div class=\"elementor-text-editor elementor-clearfix\"><p>Si vous h\u00e9sitez quant aux pi\u00e8ces d\u2019aluminium \u00e0 acheter pour vos projets dans le b\u00e2timent, Alu Center Luxembourg est l\u00e0 pour vous aider dans ce choix et vous accompagne tout au long de votre d\u00e9marche. A l\u2019\u00e9coute de vos besoins et de vos contraintes, nos professionnels de l\u2019aluminium sauront ainsi vous conseiller les meilleurs\u00a0produits\u00a0et vous aider \u00e0 r\u00e9aliser l\u2019ensemble de vos projets dans les meilleures conditions.<\/p><p>N\u2019h\u00e9sitez donc pas \u00e0 contacter\u00a0Alu Center Luxembourg pour toute question concernant\u00a0nos produits\u00a0ou la mani\u00e8re de les utiliser ou simplement pour obtenir un devis d\u00e9taill\u00e9.<\/p><\/div>\n        \t\t<\/div>\n\t\t\t\t<\/div>\n\t\t\t\t<div class=\"elementor-element elementor-element-9d7cfde animated-fast elementor-widget-divider--separator-type-pattern elementor-widget-divider--view-line elementor-invisible elementor-widget elementor-widget-divider\" data-id=\"9d7cfde\" data-element_type=\"widget\" data-settings=\"{&quot;_animation&quot;:&quot;opal-move-up&quot;}\" data-widget_type=\"divider.default\">\n\t\t\t\t<div class=\"elementor-widget-container\">\n\t\t\t\t\t<div class=\"elementor-divider\" style=\"--divider-pattern-url: url(&quot;data:image\/svg+xml,%3Csvg xmlns=&#039;http:\/\/www.w3.org\/2000\/svg&#039; preserveAspectRatio=&#039;none&#039; overflow=&#039;visible&#039; height=&#039;100%&#039; viewBox=&#039;0 0 20 16&#039; fill=&#039;none&#039; stroke=&#039;black&#039; stroke-width=&#039;1.4&#039; stroke-linecap=&#039;square&#039; stroke-miterlimit=&#039;10&#039;%3E%3Cg transform=&#039;translate(-12.000000, 0)&#039;%3E%3Cpath d=&#039;M28,0L10,18&#039;\/%3E%3Cpath d=&#039;M18,0L0,18&#039;\/%3E%3Cpath d=&#039;M48,0L30,18&#039;\/%3E%3Cpath d=&#039;M38,0L20,18&#039;\/%3E%3C\/g%3E%3C\/svg%3E&quot;);\">\n\t\t\t<span class=\"elementor-divider-separator\">\n\t\t\t\t\t\t<\/span>\n\t\t<\/div>\n\t\t\t\t<\/div>\n\t\t\t\t<\/div>\n\t\t\t\t<div class=\"elementor-element elementor-element-1fdedb3 elementor-tablet-align-center animated-fast elementor-invisible elementor-widget elementor-widget-heading\" data-id=\"1fdedb3\" data-element_type=\"widget\" data-settings=\"{&quot;_animation&quot;:&quot;opal-move-up&quot;}\" data-widget_type=\"heading.default\">\n\t\t\t\t<div class=\"elementor-widget-container\">\n\t\t\t<span class=\"sub-title\">Des services compl\u00e9mentaires pour vos \u00e9l\u00e9ments en aluminium<\/span><h2 class=\"elementor-heading-title elementor-size-default\">D\u00e9coupe, pliage ou soudure de l\u2019aluminium par Alu Center<\/h2>\t\t<\/div>\n\t\t\t\t<\/div>\n\t\t\t\t<div class=\"elementor-element elementor-element-70c065e animated-fast elementor-invisible elementor-widget elementor-widget-text-editor\" data-id=\"70c065e\" data-element_type=\"widget\" data-settings=\"{&quot;_animation&quot;:&quot;opal-move-up&quot;}\" data-widget_type=\"text-editor.default\">\n\t\t\t\t<div class=\"elementor-widget-container\">\n\t\t\t        <div class=\"elementor-text-editor elementor-clearfix\"><p>Si les \u00e9l\u00e9ments pr\u00e9con\u00e7us en aluminium ne correspondent pas \u00e0 vos besoins r\u00e9els, sachez qu\u2019Alu Center Luxembourg vous propose \u00e9galement diff\u00e9rents services compl\u00e9mentaires pour vous permettre de mener \u00e0 bien vos projets.<\/p><p>Ainsi, vous pouvez faire r\u00e9aliser vos pi\u00e8ces en aluminium sur-mesure et sur simple demande gr\u00e2ce aux services de\u00a0d\u00e9coupe, de\u00a0pliage\u00a0ou encore de\u00a0soudure\u00a0ou de\u00a0peinture\u00a0de l\u2019aluminium que nous proposons. Exposez-nous simplement vos besoins et nous y apporterons une r\u00e9ponse claire avec une solution adapt\u00e9e et qualitative. Le travail de mise en forme des pi\u00e8ces en aluminium est bien entendu r\u00e9alis\u00e9 par des artisans professionnels et sp\u00e9cialistes de ce mat\u00e9riau et avec des machines modernes et adapt\u00e9es pour un r\u00e9sultat de grande qualit\u00e9.<\/p><\/div>\n        \t\t<\/div>\n\t\t\t\t<\/div>\n\t\t\t\t\t<\/div>\n\t\t<\/div>\n\t\t\t\t\t\t\t<\/div>\n\t\t<\/section>\n\t\t\t\t<section class=\"elementor-section elementor-top-section elementor-element elementor-element-c34cb68 elementor-section-boxed elementor-section-height-default elementor-section-height-default\" data-id=\"c34cb68\" data-element_type=\"section\">\n\t\t\t\t\t\t<div class=\"elementor-container elementor-column-gap-default\">\n\t\t\t\t\t<div class=\"elementor-column elementor-col-100 elementor-top-column elementor-element elementor-element-31e8419 opal-box-clip\" data-id=\"31e8419\" data-element_type=\"column\" data-settings=\"{&quot;background_background&quot;:&quot;classic&quot;}\">\n\t\t\t<div class=\"elementor-widget-wrap elementor-element-populated\">\n\t\t\t\t\t<div class=\"elementor-background-overlay\"><\/div>\n\t\t\t\t\t\t\t\t<div class=\"elementor-element elementor-element-20d234f elementor-tablet-align-center animated-fast elementor-invisible elementor-widget elementor-widget-heading\" data-id=\"20d234f\" data-element_type=\"widget\" data-settings=\"{&quot;_animation&quot;:&quot;opal-move-up&quot;}\" data-widget_type=\"heading.default\">\n\t\t\t\t<div class=\"elementor-widget-container\">\n\t\t\t<span class=\"sub-title\">Alu center Luxembourg<\/span><h2 class=\"elementor-heading-title elementor-size-default\">Faites confiance \u00e0 Alu Center Luxembourg pour vos projets<\/h2>\t\t<\/div>\n\t\t\t\t<\/div>\n\t\t\t\t<div class=\"elementor-element elementor-element-d71c439 animated-fast elementor-invisible elementor-widget elementor-widget-text-editor\" data-id=\"d71c439\" data-element_type=\"widget\" data-settings=\"{&quot;_animation&quot;:&quot;opal-move-up&quot;}\" data-widget_type=\"text-editor.default\">\n\t\t\t\t<div class=\"elementor-widget-container\">\n\t\t\t        <div class=\"elementor-text-editor elementor-clearfix\"><h5>Tous les atouts de l\u2019aluminium par Alu Center Luxembourg<\/h5><p>Faire confiance \u00e0\u00a0Alu Center Luxembourg\u00a0pour vous fournir vos \u00e9l\u00e9ments en aluminium, c\u2019est avant tout la garantie de mat\u00e9riaux de grande qualit\u00e9 et d\u2019un travail soign\u00e9.\u00a0Alu Center Luxembourg est en effet sp\u00e9cialis\u00e9 dans l\u2019aluminium et dans les pi\u00e8ces con\u00e7ues dans ce m\u00e9tal et b\u00e9n\u00e9ficie donc d\u2019une exp\u00e9rience et d\u2019un savoir-faire reconnus.<\/p><p>Nos \u00e9quipes sont ainsi en mesure de vous apporter des r\u00e9ponses pr\u00e9cises \u00e0 l\u2019ensemble de vos besoins et des produits de la meilleure qualit\u00e9 pour vos chantiers en construction ou en r\u00e9novation.<\/p><\/div>\n        \t\t<\/div>\n\t\t\t\t<\/div>\n\t\t\t\t\t<\/div>\n\t\t<\/div>\n\t\t\t\t\t\t\t<\/div>\n\t\t<\/section>\n\t\t\t\t<section class=\"elementor-section elementor-top-section elementor-element elementor-element-17a93015 elementor-section-stretched elementor-section-height-min-height osf-vertical-line-active elementor-section-boxed elementor-section-height-default elementor-section-items-middle\" data-id=\"17a93015\" data-element_type=\"section\" data-settings=\"{&quot;stretch_section&quot;:&quot;section-stretched&quot;,&quot;osf_section_vertical_line_switcher&quot;:&quot;active&quot;,&quot;background_background&quot;:&quot;classic&quot;}\">\n\t\t\t\t\t\t<div class=\"elementor-container elementor-column-gap-no\">\n\t\t\t\t\t<div class=\"elementor-column elementor-col-100 elementor-top-column elementor-element elementor-element-1908aeb6\" data-id=\"1908aeb6\" data-element_type=\"column\">\n\t\t\t<div class=\"elementor-widget-wrap elementor-element-populated\">\n\t\t\t\t\t\t\t\t<div class=\"elementor-element elementor-element-750d3b7d animated-fast elementor-invisible elementor-widget elementor-widget-heading\" data-id=\"750d3b7d\" data-element_type=\"widget\" data-settings=\"{&quot;_animation&quot;:&quot;opal-move-up&quot;}\" data-widget_type=\"heading.default\">\n\t\t\t\t<div class=\"elementor-widget-container\">\n\t\t\t<h2 class=\"elementor-heading-title elementor-size-default\">Contactez-nous<\/h2>\t\t<\/div>\n\t\t\t\t<\/div>\n\t\t\t\t<div class=\"elementor-element elementor-element-61f02fb7 animated-fast elementor-invisible elementor-widget elementor-widget-text-editor\" data-id=\"61f02fb7\" data-element_type=\"widget\" data-settings=\"{&quot;_animation&quot;:&quot;opal-move-up&quot;}\" data-widget_type=\"text-editor.default\">\n\t\t\t\t<div class=\"elementor-widget-container\">\n\t\t\t        <div class=\"elementor-text-editor elementor-clearfix\"><p>Si vous souhaitez recevoir\u00a0un devis d\u00e9taill\u00e9 pour une mission pr\u00e9cise <br \/>ou en savoir davantage \u00e0 propos de nos prestations.<br \/>Nous serons ravis de vous apporter notre expertise.<\/p><\/div>\n        \t\t<\/div>\n\t\t\t\t<\/div>\n\t\t\t\t<div class=\"elementor-element elementor-element-179f2f40 animated-fast elementor-button-primary elementor-invisible elementor-widget elementor-widget-button\" data-id=\"179f2f40\" data-element_type=\"widget\" data-settings=\"{&quot;_animation&quot;:&quot;opal-move-up&quot;}\" data-widget_type=\"button.default\">\n\t\t\t\t<div class=\"elementor-widget-container\">\n\t\t\t        <div class=\"elementor-button-wrapper\">\n            <a href=\"https:\/\/alucenter.lu\/index.php\/contact\/\" class=\"elementor-button-link elementor-button elementor-size-md\" role=\"button\">\n                \t\t<span class=\"elementor-button-content-wrapper\">\n\t\t\t\t\t\t<span class=\"elementor-button-icon elementor-align-icon-right\">\n\t\t\t\t\t\t\t\t\t<i class=\"opal-icon-long-arrow-right\" aria-hidden=\"true\"><\/i>\n\t\t\t\t\t\t\t<\/span>\n\t\t\t\t\t\t<span class=\"elementor-button-text\">Formulaire de contact<\/span>\n\t\t<\/span>\n\t\t            <\/a>\n        <\/div>\n        \t\t<\/div>\n\t\t\t\t<\/div>\n\t\t\t\t\t<\/div>\n\t\t<\/div>\n\t\t\t\t\t\t\t<\/div>\n\t\t<\/section>\n\t\t\t\t\t\t\t<\/div>\n\t\t","protected":false},"excerpt":{"rendered":"<p>L\u2019aluminium au service de vos chantiers Des \u00e9l\u00e9ments en aluminium de qualit\u00e9 Que vous soyez un professionnel du b\u00e2timent ou de la r\u00e9novation ou que vous ayez simplement un projet n\u00e9cessitant des \u00e9l\u00e9ments en aluminium,\u00a0Alu Center Luxembourg est le sp\u00e9cialiste de ce mat\u00e9riau au Luxembourg et saura vous procurer toutes les pi\u00e8ces dont vous avez &hellip; <\/p>\n<p class=\"link-more\"><a href=\"https:\/\/alucenter.lu\/index.php\/nos-produits-en-aluminium\/\" class=\"more-link\">Read More <i class=\"opal-icon-long-arrow-right\"><\/i><span class=\"screen-reader-text\"> \u00ab\u00a0Nos produits en aluminium\u00a0\u00bb<\/span><\/a><\/p>\n","protected":false},"author":1,"featured_media":0,"parent":0,"menu_order":0,"comment_status":"closed","ping_status":"closed","template":"page-elementor.php","meta":{"inline_featured_image":false,"footnotes":""},"aioseo_notices":[],"_links":{"self":[{"href":"https:\/\/alucenter.lu\/index.php\/wp-json\/wp\/v2\/pages\/4264"}],"collection":[{"href":"https:\/\/alucenter.lu\/index.php\/wp-json\/wp\/v2\/pages"}],"about":[{"href":"https:\/\/alucenter.lu\/index.php\/wp-json\/wp\/v2\/types\/page"}],"author":[{"embeddable":true,"href":"https:\/\/alucenter.lu\/index.php\/wp-json\/wp\/v2\/users\/1"}],"replies":[{"embeddable":true,"href":"https:\/\/alucenter.lu\/index.php\/wp-json\/wp\/v2\/comments?post=4264"}],"version-history":[{"count":24,"href":"https:\/\/alucenter.lu\/index.php\/wp-json\/wp\/v2\/pages\/4264\/revisions"}],"predecessor-version":[{"id":5218,"href":"https:\/\/alucenter.lu\/index.php\/wp-json\/wp\/v2\/pages\/4264\/revisions\/5218"}],"wp:attachment":[{"href":"https:\/\/alucenter.lu\/index.php\/wp-json\/wp\/v2\/media?parent=4264"}],"curies":[{"name":"wp","href":"https:\/\/api.w.org\/{rel}","templated":true}]}}